 4 + (-9 - (3 - 4)).
-4
Evaluate -41 + 51 + 2 + -5.
7
What is the value of 1 - -2 - 3 - (6 - 5)?
-1
What is 7 + (8 + -12 - 4)?
-1
What is 2 - (-7 + 3 - -3)?
3
What is the value of 3 - 3 - 2 - 1 - -1?
-2
4 - (0 + (3 - 4) + 2)
3
What is the value of -6 - (-4 - -3 - 1)?
-4
Evaluate -2 - (-2 + 0 - 1).
1
Evaluate -1 + 3 + (18 - 21).
-1
What is -3 + (-7 - (-16 + 6))?
0
Evaluate 12 - 19 - (-7 - 0).
0
Evaluate (-10 + 10 - -2) + (2 - -1).
5
Calculate 14 + -7 - 11 - (2 + -11).
5
Calculate (-28 - -27) + 3 + (0 - 1).
1
Calculate (3 + -2 - 11) + 4.
-6
What is -3 + -2 + (1 + 0 - -1)?
-3
What is the value of 1 + (-5 - (-2 - 1))?
-1
Calculate (-2 - ((6 - 17) + 4)) + -10.
-5
Calculate (3 - -1 - 0) + (-15 - -16).
5
What is the value of -6 - (-1 + -7 - (-10 - -6))?
-2
Evaluate 3 + -8 - 1 - (0 - 3).
-3
Calculate -21 + (12 - (-2 + 1)).
-8
What is 0 - 3 - 1 - (2 - 11)?
5
What is -19 + 12 - (1 + -8)?
0
Calculate -4 + 11 + (2 - 6) + 1.
4
What is 10 - 7 - 9 - (0 + 1)?
-7
Evaluate (3 + (-2 - -3) - -2) + -2.
4
What is 1 + -2 + -1 - (-28 + 30)?
-4
1 - ((0 - 2) + (1 - -5))
-3
Calculate -10 - (-8 + -3 + 5).
-4
Evaluate -1 - -1 - (1 + -3).
2
Calculate (-3 - 3) + 0 + 8.
2
Evaluate (1 - 9) + -6 + 7 - -7.
0
What is the value of -6 + (2 - 1) - -6?
1
What is the value of 2 + 0 - 3 - (27 + -27)?
-1
(-2 + 0 - (17 - 10)) + 7
-2
What is the value of -1 + (-2 - -1) - (-32 - -25)?
5
(-18 - -14) + 8 + 0 + 1
5
What is the value of (-5 - -3) + 7 + -1?
4
What is 2 - 1 - (27 - 23) - -10?
7
Evaluate 7 + (-4 - 7) + 3.
-1
1 - (3 - 1 - 7 - -3)
3
What is 7 + 3 - (12 + 0)?
-2
Calculate (4 + -2 - 3) + 3.
2
-1 - -9 - (3 + -2 + 5)
2
Calculate -3 + 5 + -1 - (-1 - 0).
2
Calculate -13 - -20 - (6 + (-2 - 0)).
3
Evaluate -3 - (-3 + 2 - -1).
-3
Evaluate -7 - (-1 + (-7 - -5) - 5).
1
Calculate (6 - 10) + 8 + (3 - 0).
7
Calculate (4 - (2 - 1)) + 0 - 2.
1
What is 1 + -1 - -1 - (-8 + 14)?
-5
Evaluate 9 + -7 + 5 + -4.
3
What is -2 + (3 - -1) - 3?
-1
What is the value of (2 - 3) + -11 - -21?
9
Calculate -2 + (-1 - (-1 + -4)).
2
Evaluate 2 + 0 + (7 - 1 - 3).
5
What is -1 + 2 + (15 - 13)?
3
Evaluate (-1 - 0) + -7 + (1 - -1).
-6
Evaluate -7 - (1 + -4) - (1 - 5).
0
What is the value of 1 - ((-3 - -4) + -2)?
2
What is the value of 4 + (2 - (-4 - -3)) + -3?
4
What is (47 - 58) + 3 + 1?
-7
What is the value of 2 + -2 + 2 + -1 + -3?
-2
Evaluate 32 + -30 + -1 + -4.
-3
(-6 - 7) + 3 + 6
-4
Calculate (-1 - (-1 + -2)) + (-14 - -7).
-5
What is -13 - -19 - (-2 - -3)?
5
Evaluate (-4 + -2 + 4 - 1) + -1.
-4
Evaluate -6 + (-5 - -9) - 2.
-4
What is the value of -16 + 20 + 0 + -2?
2
11 + -6 + 3 + -4
4
-9 + (22 - 5) - 7
1
What is the value of 3 + 1 + -7 - -4?
1
Evaluate (8 - 5) + -8 - -6.
1
Calculate 2 + (5 - -1 - (-18 - -23)).
3
What is -30 + 32 + 4 + (0 - 1)?
5
-2 + 1 - 1 - (9 + -12)
1
Evaluate (1 - 22 - -7) + 9.
-5
12 + -8 + (1 - 4)
1
What is (-2 - (-5 + 4 + -6)) + -5?
0
What is 1 + 2 - (5 - 5)?
3
What is 3 + (-1 - 2 - -1 - 3)?
-2
Calculate -5 - (-13 + 9 + (0 - 2)).
1
Calculate 2 + 5 + -5 - (6 - -4).
-8
What is (3 - 18) + (2 - -8)?
-5
Evaluate -11 - -4 - -8 - 7.
-6
Evaluate -3 - -6 - -1 - (13 - 0).
-9
(5 - (11 - (6 - 7))) + 6
-1
Evaluate (-5 - (-10 + 1)) + (-3 - 1).
0
What is -8 + -1 + (2 - -4) + -2?
-5
What is 2 - 1 - (-14 + 7 - -6)?
2
Calculate -62 + 57 + (-1 - -2) - 2.
-6
What is the value of 0 + (7 - (1 - -5))?
1
Calculate -1 + -1 + 4 + -9 + 8.
1
What is -5 + -5 + (4 - -1 - 0)?
-5
Calculate 0 + 0 + -14 + 16.
2
12 - (9 - 4) - 6
1
Evaluate 7 + 2 + (-3 - 1).
5
Calculate (3 + -4 - -4) + -5.
-2
-10 + (-1 - (4 + -7)) - -5
-3
Evaluate 5 + -1 - (-1 - -7).
-2
0 + (-8 - -5) - -5
2
What is -12 - (-14 + -6 + 7)?
1
What is the value of 2 + 0 + -9 - (0 + -3)?
-4
Evaluate -1 + -2 + (2 - 3).
-4
Calculate 3 + (1 + -2 - 5).
-3
What is 1 - -1 - (6 - 2 - 3)?
1
What is 2 + -4 - (-13 + 14)?
-3
What is (12 - 5 - 5) + 0 + 2?
4
What is 2 + -1 - (-2 + 0)?
3
What is (2 - 2 - (13 - 13)) + -1?
-1
Calculate 2 - 1 - (4 - 2).
-1
(7 - 6) + 0 + 0 + -1
0
Evaluate (1 - -3) + 1 + 4 + -1.
8
What is the value of -5 + (-4 - -2) + 10?
3
0 + -5 + (-5 - -8)
-2
(-2 - -1) + (-7 - -6) - -2
0
Calculate (-1 - -4) + -3 - (3 + 0).
-3
What is the value of -3 - (-1 - (12 - 3))?
7
Evaluate -1 + (-5 + (-4 - -14) - 8).
-4
What is the value of 10 + -15 + 5 - (-1 + -5)?
6
Calculate -10 + 1 + 6 + -3.
-6
What is the value of 4 + (-8 - (1 + -7))?
2
What is the value of (6 - (8 + -3)) + 0?
1
Evaluate 1 + -6 + 5 + 2.
2
What is -3 + 1 + (0 - 1) - -3?
0
Calculate (-1 - -4 - (4 - 1)) + -7.
-7
Calculate 1 + -1 + (14 - 9).
5
-1 - (-3 - -3) - -10
9
What is the value of (1 - 0) + (3 + -3 - -3)?
4
-2 + (-4 - -10) - -1
5
What is -11 - (9 + -32 + 6)?
6
What is the value of -8 + (2 + 0 - 7) + 10?
-3
What is -2 - (0 - (1 - 3 - 1))?
-5
What is the value of (-17 - -20) + -1 + -5?
-3
-1 - 2 - (-3 - (-2 + 3))
1
Evaluate (-5 + -1 - (-46 - -37)) + 2.
5
Evaluate (2 - 6) + -1 - -7.
2
What is the value of 9 - ((7 - 2 - -4) + -4)?
4
What is 1 - (5 + (-2 - 5) - -1)?
2
Calculate 8 - -6 - (-2 - (-2 - 3)).
11
What is the value of -1 - -10 - (61 - 50)?
-2
What is (-10 - -7) + -4 + 6?
-1
-6 + 0 - (-7 + -4)
5
Calculate (3 - 1) + (1 - 1).
2
Evaluate -2 + -7 + 1 + 1.
-7
What is the value of -1 + -1 + (4 - 3)?
-1
(-3 - (0 + -4)) + -4
-3
What is (3 - (3 + -2) - 7) + 2?
-3
What is 1 + -1 + (-4 - (-6 + 8))?
-6
Evaluate (-2 - 2) + (1 + -6 - -4).
-5
Calculate -8 - ((-3 - 0) + 3).
-8
0 + 1 - (2 - -4 - 9)
4
What is the value of 3 + 1 + (2 - 3)?
3
Calculate -9 - (5 - 2 - 4).
-8
Calculate -1 - -5 - (6 + -4 - -4).
-2
Evaluate -2 - (-18 + 13 - -8).
-5
What is 1 - (12 + -9 - 6)?
4
What is the value of -1 + (0 + 0 - (4 + -2))?
-3
Evaluate -5 - (0 + -10 + 3).
2
Evaluate -54 + 53 - (0 + 0).
-1
Evaluate (2 - (6 - 3)) + -2 + -2.
-5
What is (-3 - (0 - -2)) + 0 + 1?
-4
Calculate (1 + -5 + 2 - 6) + 4.
-4
What is (-3 - -7) + -3 + 2?
3
What is the value of 3 + (12 - (-12 + 20))?
7
0 + (3 - -1 - 1)
3
Calculate (8 - (7 - 0)) + -6.
-5
Evaluate 5 + (1 - (11 - 3)).
-2
What is the value of -1 - (0 + (4 - 7))?
2
Calculate 18 + -26 + -1 + 5.
-4
What is the value of 0 + 0 + (-15 - -15) + -3?
-3
What is 4 - 1 - (9 + (-7 - -2))?
-1
Evaluate 6 - (14 + -7) - (-2 - -4).
-3
Calculate -7 - (2 + 1 + -10).
0
What is 11 - (-7 + 9 + 16)?
-7
What is -2 + (-2 - (-2 + 0))?
-2
-4 - (1 - -6 - 6)
-5
What is 9 - (5 - (4 + -8 - -5))?
5
Calculate (-2 - -1) + 3 + (-3 - -5).
4
What is (1 - 5) + 2 + 13 + -9?
2
Calculate -5 - ((-6 - -3) + -5 + 4).
-1
What is the value of 3 - (5 + (4 - -1 - 1))?
-6
What is 2 + (-1 + 0 - -2)?
3
What is (1 - 4) + -3 + 4 + -2?
-4
Calculate (-5 - -1) + (5 - 3).
-2
0 + (0 - 0) - -1
1
Evaluate 0 + (-1 + 4 + -4 - -3).
2
What is the value of 12 - 21 - (-3 - 3)?
-3
Evaluate -7 + (14 - 2) - (-4 + 1).
8
Evaluate 8 + -15 + -2 + (1 - -4).
-4
What is the value of 16 + -13 - (0 - 2)?
5
Evaluate 11 - 6 - 5 - -1.
1
What is the value of 9 - 19 - -11 - -5?
6
Calculate -5 - (7 - (2 - (-5 - 7))).
2
Evaluate 8 + (1 + 4 - (38 - 17)).
-8
Calculate -20 - -17 - (-1 - (0 + -1)).
-3
What is the value of 6 - (6 + 2) - -9 - -3?
10
What is the value of 0 - (0 + 1) - (-1 - -3)?
-3
Calculate 8 + -18 + (2 - -4).
-4
Evaluate 4 + 1 + (1 - (1 + 7)).
-2
1 + 2 + -4 + -3
-4
What is 2 + (-1 - 2) - -4?
3
(26 - 25 - (-1 - -1)) + -1
0
Evaluate 1 + -6 + -4 + 5.
-4
What is the value of -2 - -1 - (8 + -4 + -3)?
-2
What is 9 + (-26 - -9) - -12?
4
What is the value of -4 - (-14 - -4 - -4)?
2
Evaluate -9 - (-3 + -2 + 0).
-4
Calculate (8 - 13) + (-3 - -10).
2
What is -4 + 10 + -2 - (1 + 4)?
-1
What is the value of (0 - -4) + (-18 - -16)?
2
Calculate (4 - (5 + -7) - 14) + 2.
-6
1 - -2 - (-28 - -32)
-1
Evaluate 0 + -10 + (12 - 6).
-4
What is 5 + -10 + 0 + (39 - 37)?
-3
What is 71 - 70 - (-6 + -1)?
8
What is (0 - -1) + 8 + -13?
-4
15 + -13 + 1 + -1
2
Calculate 8 + (-6 + 1 - 3).
0
What is -3 + (7 - (7 - 4))?
1
Calculate 1 + 7 + (2 - 5).
5
What is the value of -4 + 3 + 2 + 1 + 1?
3
What is the value of -1 + -1 + (-137 - -142)?
3
What is 3 + (8 - 3 - 11)?
-3
Evaluate 0 + 0 + 2 + -3 + 6.
5
Evaluate 4 + (8 - 0 - 5).
7
3 - -1 - (4 - 2)
2
Evaluate 6 - ((0 - (-1 + -1)) + 11).
-7
Evaluate 1 + -4 + 0 - (-10 - -1).
6
Evaluate (3 - (8 - 2)) + 6 + -4.
-1
Evaluate -1 + -4 - -7 - 1.
1
Evaluate (-6 - 5) + 5 + 3.
-3
Calculate 1 + (1 - 2) + -29 + 29.
0
Calculate -5 + 3 + (6 - 11) - -5.
-2
Calculate -10 + 